se x = -22*u - 1 + 573. Calculate the highest common divisor of 494 and u.
26
Let j(h) = h - 20. Let q = -15 - -20. Let c(w) = -w + 39. Let k(p) = q*j(p) + 3*c(p). Let s be k(-6). Calculate the highest common divisor of 40 and s.
5
Let g(c) = -c**2 - 66*c + 1373. Let k be g(-63). Calculate the highest common divisor of 88 and k.
22
Let y be (3/12*2)/((-23)/(-3358)). Suppose -137 = -14*l + y. What is the highest common divisor of 15 and l?
15
Suppose 4*m - 776 = -5*q - 190, -3*m + 430 = -q. Let p = -2294 - -2390. Calculate the highest common factor of m and p.
48
Suppose -3*v = -5*v + 20. Suppose -2357*b + 2279*b + 1950 = 0. What is the highest common factor of b and v?
5
Suppose 71*w = 95*w - 51*w + 7452. What is the greatest common divisor of 48 and w?
12
Let d = 5015 - 4955. Calculate the highest common factor of d and 5430.
30
Let z = -5470 - -11956. What is the highest common factor of 414 and z?
138
Suppose -2*z + 5*d + 2188 = 0, 3*d + 3300 = 18*z - 15*z. What is the highest common divisor of z and 264?
24
Suppose r - 4*r + 102 = 0. Let n be (-20614)/(-22) + (-114)/6. Calculate the highest common factor of r and n.
34
Suppose -13 = -3*v - 4. Suppose -2*q + v*q - 15 = 0. Let g be 2422/519 + 0 + 1/3. Calculate the highest common factor of q and g.
5
Let z be 0 + (3 - 1) + (20 - 11). Let y be z/(33/12) - 1. Let a be (6 - 6 - 75)*(-7)/y. Calculate the highest common factor of 70 and a.
35
Let i = 199 + -124. Suppose 0 = -15*l + 47 - 17. Suppose 0 = -3*x + 3*c + 75, -5*c + 11 = -l*x + 46. What is the greatest common divisor of i and x?
15
Suppose 0 = 2*m - 2*i - 14, -5*m + 45 - 8 = -3*i. Suppose -m*u = 10*u - 1296. What is the greatest common divisor of u and 60?
12
Let a be -23*(1 + -2) - -1. Let c be 145 - (-4)/((-18)/6 + 2). Let u be c/4 - (-93)/124. Calculate the greatest common divisor of u and a.
12
Let m(w) = -11*w + 725. Let v be m(45). Calculate the greatest common divisor of 138 and v.
46
Let o(j) = -136*j + 1356. Let i be o(9). Calculate the greatest common factor of i and 372.
12
Let p = 3199 - 3196. Let t(x) = x**2 - 4*x - 2. Let s be t(-7). Calculate the highest common factor of s and p.
3
Let c be ((-686)/147)/((-3)/18). What is the highest common factor of 2716 and c?
28
Suppose -277*i = -297*i + 3740. Calculate the greatest common divisor of i and 66.
11
Let q(a) = a**3 - 42*a**2 + 46*a - 190. Let v be q(41). Let f be (-80)/(-14) - 6/(-21). Let r = 171 - f. What is the greatest common factor of v and r?
15
Let q(l) = 17*l + 45. Let f be q(-6). Let t be 0 + 19/(f/(-396)). Let b = -18 - -30. Calculate the greatest common factor of t and b.
12
Suppose -v + 0*v + 3 = 0. Let g(d) = -96*d - 383. Let q be g(-4). What is the greatest common factor of q and v?
1
Let s = -62 + 59. Let x be s/(9/3)*(-3)/3. Let a be (-10 + x)*(-18 + 1). Calculate the highest common factor of a and 17.
17
Suppose 2*n - 198 = 4*c, 0 = n + 3*c - 2*c - 102. Suppose -4*x = -7*b + 4*b + 299, 5*x + 500 = 5*b. Calculate the highest common factor of n and b.
101
Let q be -119*((-2808)/(-63))/(-13). Calculate the highest common divisor of q and 2312.
136
Let o be 5/(15/(-702)) - -4. Let z = 278 + o. What is the highest common factor of 204 and z?
12
Let f(a) = a**3 + 43*a**2 - 539*a + 106. Let g be f(-53). Calculate the greatest common factor of g and 689.
53
Let x be 8 + -1 + 588 - 7. Calculate the highest common divisor of 420 and x.
84
Suppose 2*r - 322 = 2*m, -3*m + 5*r = -219 + 698. Let j = 115 + m. Let c = 50 + j. Calculate the highest common divisor of c and 18.
2
Let q be -71*(3/2 + (-5)/2). Let s(o) = -2*o**3 - 103*o**2 + 26*o + 68. Let v be s(-52). Calculate the greatest common divisor of v and q.
71
Suppose -5*r - 2*l + 81 = 0, -2*r + 22*l + 21 = 19*l. Let k be (-5)/50*-8 - (-798)/r. Calculate the greatest common factor of k and 18.
18
Let d(x) = -9*x + 50 + 54*x - 27 + 4*x**2. Let l be d(-13). Calculate the greatest common divisor of 76 and l.
38
Suppose -47*f = 11894 - 13633. Calculate the greatest common factor of 2257 and f.
37
Let y = 31940 - 31841. Calculate the greatest common divisor of 33 and y.
33
Let h be -84*4/(2 - 10). Suppose 5*g = 4*u - 26, -4*u - 4*g = -g - h. What is the greatest common factor of u and 81?
9
Let q be (-3 - (-3786)/36) + (-2)/12. Suppose -96 = -4*i - 10*k + 8*k, -5*i = -2*k - q. What is the highest common divisor of 330 and i?
22
Let b(p) = p - 1. Let d be b(3). Suppose -11*j + 6 = -14*j. Let u(k) = k**2 - 5*k - 8. Let h be u(j). Calculate the greatest common factor of d and h.
2
Suppose -2915 - 2122 = -3*p + 5*g, g + 6699 = 4*p. Suppose 0 = -3*v - 2*y - y + 1263, -4*v - 2*y + p = 0. Calculate the highest common factor of v and 26.
26
Suppose 430 + 1223 = 42*f - 27. Calculate the highest common factor of f and 80.
40
Let f = -3424 - -3463. What is the highest common factor of f and 8229?
39
Let z = -735 + 547. Let t = z + 375. What is the greatest common factor of 17 and t?
17
Let t(l) = l - 15. Let v be t(24). Let y(s) = 3*s**2 + 7*s - 31. Let q be y(v). What is the highest common factor of 50 and q?
25
Suppose 0 = -4*p - x + 39, 3*p - 2*x + 56 = 66. Calculate the greatest common divisor of p and 3112.
8
Suppose -2*j - 19*j + 27914 = -4*j. Calculate the highest common divisor of j and 2.
2
Suppose -7*d + 5*d - 20 = 0. Let y be (-4)/10 - 134/d. Suppose 2*p - 58 + 12 = -5*h, -3*p - 2*h + 47 = 0. What is the highest common factor of y and p?
13
Let y = 16825 + -15412. Calculate the highest common divisor of y and 9.
9
Let b(k) = -99*k - 808. Let f be b(-12). What is the greatest common divisor of 1064 and f?
76
Suppose j = 2 + 3. Suppose 398*n + 69*n = -90*n + 2228. What is the highest common factor of j and n?
1
Suppose 3*c - 3 = -2*x + 5*x, c = 4*x - 11. Suppose 0*t - 2*t = -3*i + 51, 64 = x*i - 4*t. Suppose 0*m + m = 19. What is the highest common factor of m and i?
19
Let r(q) = -q + 4. Let s be r(-6). Suppose 40 = -191*o + 201*o. What is the greatest common factor of o and s?
2
Suppose -3*i - 53 = 175. Let n(l) = l**3 - 7*l**2 + 2*l + 17. Let p be n(8). Let j = p + i. What is the greatest common divisor of j and 42?
21
Let g(l) = l**3 - l**2 + l + 3. Let t be g(0). Suppose -83*j + 1562 = -72*j. Let d = t + j. Calculate the greatest common factor of 29 and d.
29
Let z = 232 - 8. What is the highest common divisor of 2128 and z?
112
Suppose -48 = -2*o + 10. Suppose -v = -3*v - 4*x + 64, 2*v - o = 3*x. Suppose -v = 71*g - 73*g. What is the greatest common divisor of g and 143?
11
Suppose 2*u + 230 = h + 174, -4*h + u + 280 = 0. What is the highest common divisor of h and 142?
2
Let v = 280 + -440. Let d = v + 296. Calculate the greatest common factor of 17 and d.
17
Let l be (-7 + 6409/(-119))*28/(-2). What is the greatest common factor of 12 and l?
12
Let o = 4255 + -3821. What is the greatest common factor of o and 126?
14
Suppose -5011 = -4*n - 5*s, -3765 = -7*n + 4*n + 3*s. Calculate the greatest common factor of 33 and n.
33
Let u(m) = 3*m**2 - 157*m - 338. Let h be u(55). What is the highest common divisor of h and 342?
6
Suppose 0 = -45*k + 56*k - 462. Suppose 4*o = 20*o - 1120. What is the highest common divisor of k and o?
14
Suppose -6*o + 261 = -171. Let w be (3 - -5) + 1 + -1. Calculate the highest common factor of w and o.
8
Suppose -4 = -2*x, 3048 = -3*i + 7*i + 4*x. What is the highest common factor of 120 and i?
40
Suppose 2*m - 23 = -5*p, 3 + 3 = 3*m - 2*p. Suppose 0 = g + 2*d - 15, m*g - 2*d - 53 = -3*d. Calculate the greatest common divisor of g and 13.
13
Let v be (-199 + 1)*6/(-9). Let z = -194 - -301. Suppose 5*t - 109 = -3*i, -i - 4*t = 2*i - z. What is the highest common factor of i and v?
33
Suppose 3*m - 43 + 130 = 3*r, -4*m + 45 = 3*r. What is the greatest common factor of 6578 and r?
23
Let t = 4114 - 2902. Calculate the greatest common factor of 84 and t.
12
Let j be ((-4)/6*(-6 - (-97425)/(-10)))/1. What is the greatest common divisor of j and 97?
97
Suppose 8353 + 5444 = 129*z - 37674. Calculate the highest common divisor of 336 and z.
21
Suppose -671 = -4*b + t, 175*b - 527 = 172*b - 4*t. Calculate the highest common factor of b and 5746.
169
Suppose -11*j = 1014 + 1340. Let u = j + 367. What is the greatest common divisor of 102 and u?
51
Let z be (-30691)/(-47) + (-4 - 1). Calculate 